{"id":20,"date":"2020-08-16T10:49:52","date_gmt":"2020-08-16T08:49:52","guid":{"rendered":"http:\/\/petra-behrens.de\/?page_id=20"},"modified":"2020-08-16T10:51:09","modified_gmt":"2020-08-16T08:51:09","slug":"praxisangebot","status":"publish","type":"page","link":"https:\/\/petra-behrens.de\/?page_id=20","title":{"rendered":"Praxisangebot"},"content":{"rendered":"\n<p><strong>Tiefenpsychologisch fundierte Psychotherapie<\/strong><\/p>\n\n\n\n<p>Es bestehen unterschiedliche M\u00f6glichkeiten, sich bei mir in psychotherapeutische Behandlung zu begeben. Zum einen \u00fcber die gesetzliche Krankenversicherung (GKV), die die Kosten f\u00fcr die Behandlung \u00fcbernimmt, oder als Versicherte\/r einer privaten Krankenversicherung (PKV) oder als Selbstzahler\/in.&nbsp;<\/p>\n\n\n\n<p>Soll die Behandlung \u00fcber die&nbsp;<strong>GKV<\/strong>&nbsp;abgerechnet werden, ist die Teilnahme an mindestens einer&nbsp;<strong>Psychotherapeutischen Sprechstunde<\/strong>&nbsp;seit dem 01.04.2018 f\u00fcr gesetzlich Versicherte verpflichtend.<\/p>\n\n\n\n<p>Hierbei handelt es sich um eine erste Abkl\u00e4rung, ob \u00fcberhaupt eine krankheitswertige psychische Erkrankung vorliegt, ob eine psychotherapeutische Behandlung notwendig ist oder ob weitere spezifische Hilfen im System der GKV oder au\u00dferhalb davon notwendig sind.&nbsp;<\/p>\n\n\n\n<p>Die psychotherapeutische Sprechstunde erfolgt mit Terminvergabe. In meinen telefonischen Sprechzeiten kann ein Termin vereinbart werden.<\/p>\n\n\n\n<p>Sollte sich herausstellen, dass eine tiefenpsychologisch fundierte Psychotherapie indiziert ist und ich \u00fcber einen freien Therapieplatz verf\u00fcge, schlie\u00dfen sich Vorgespr\u00e4che, die&nbsp;<strong>probatorischen Sitzungen<\/strong>, an. Nach deren Durchf\u00fchrung finden wir dann entweder einen geeigneten Termin oder zuk\u00fcnftige PatientInnen werden auf meine Warteliste aufgenommen.<\/p>\n\n\n\n<p>Die Beantragung einer Psychotherapie kann als&nbsp;<strong>Kurzzeittherapie (KZT)<\/strong>, aufgeteilt in KZT1 und KZT2, beide umfassen jeweils 12 Sitzungen, oder als&nbsp;<strong>Langzeittherapie (LZT)<\/strong>, im ersten Bewilligungsschritt 60 Sitzungen, erfolgen. F\u00fcr die Beantragung einer Psychotherapie ist vorab ein Konsiliarbericht notwendig. Dieses Formular muss von ihrem\/r Arzt\/\u00c4rztin ausgef\u00fcllt werden und wird den Antragsunterlagen beigef\u00fcgt.<\/p>\n\n\n\n<p>F\u00fcr eine LZT ist vorab au\u00dferdem ein \u201eBericht an den Gutachter\u201c notwendig. Die Psychotherapeutin verfasst diesen Bericht, der anonymisiert in einem verschlossenen Umschlag an die jeweilige Krankenversicherung geschickt wird, die diesen wiederum an eine\/n Gutachter\/in weiterleitet. Diese\/r \u00fcberpr\u00fcft dann anhand des Berichts, ob eine Psychotherapie angemessen, aussichtsreich und wirtschaftlich erscheint. Das ist die Voraussetzung f\u00fcr eine Bef\u00fcrwortung.&nbsp;<\/p>\n\n\n\n<p>Es besteht au\u00dferdem die M\u00f6glichkeit einer&nbsp;<strong>Akutbehandlung<\/strong>. Sie dient der Krisenintervention oder zur Erst-Stabilisierung und umfasst maximal 12 Sitzungen \u00e1 50 Minuten. Dieses Angebot besteht je nach Verf\u00fcgbarkeit.&nbsp;&nbsp;<\/p>\n\n\n\n<p>Wird die Behandlung \u00fcber eine&nbsp;<strong>PKV<\/strong>&nbsp;abgerechnet, erfolgt diese analog der Vorgaben der GKV. Allerdings besteht zum einen (noch) keine Verpflichtung an einer psychotherapeutischen Sprechstunde teilzunehmen, zum anderen besteht f\u00fcr eine KZT die Berichtspflicht. Die Abrechnung erfolgt \u00fcber die Geb\u00fchrenordnung f\u00fcr Psychotherapeuten (GOP). Die Rechnung wird bei einer bewilligten Psychotherapie der PKV eingereicht.&nbsp;<\/p>\n\n\n\n<p>Sollten Sie eine Psychotherapie selbst bezahlen wollen, k\u00f6nnen Sie, wenn ich \u00fcber einen freien Platz verf\u00fcge, ebenfalls gern zu mir kommen. Dieses k\u00f6nnte von Vorteil f\u00fcr sie sein, falls Sie zu einem sp\u00e4teren Zeitpunkt eine Lebensversicherung, eine private Krankenversicherung oder eine BU-Versicherung abschlie\u00dfen m\u00f6chten. Selbstzahler erhalten ebenfalls eine Rechnung, die sich an der GOP orientiert.<\/p>\n\n\n\n<p><strong><br><br>Selbsterfahrung<\/strong><\/p>\n\n\n\n<p>Dieses Angebot besteht f\u00fcr Fachkollegen\/innen und Kollegen\/innen aus anderen sozialen Berufsfeldern, aber auch f\u00fcr andere Interessierte. Abh\u00e4ngig vom jeweiligen Anliegen kommen Methoden unterschiedlicher Therapieschulen sowie Entspannungsverfahren und Imaginations\u00fcbungen zum Einsatz.<\/p>\n\n\n\n<p>Als spezielles Angebot biete ich die Selbsterfahrung mit EMDR an.<\/p>\n\n\n\n<p><strong>Supervision<\/strong><\/p>\n\n\n\n<p>F\u00fcr mein Supervisionsangebot besteht die M\u00f6glichkeit Fortbildungspunkte zu erhalten (Akkreditierung durch die PTK-Hamburg).<\/p>\n\n\n\n<p><strong>Einzel-Supervision<\/strong><\/p>\n\n\n\n<p>Die Einzel-Supervision richtet sich an Fachkollegen\/innen und Kollegen\/innen aus dem therapeutischen und sozialen Bereich, die Fall-Supervision suchen.&nbsp;<\/p>\n\n\n\n<p>Es geht dabei um die Reflexion der eigenen Arbeit, um Unterst\u00fctzung und Entlastung im beruflichen Umfeld. Die vorhandenen Ressourcen und Kompetenzen sollen im Rahmen der Supervision gef\u00f6rdert und weiterentwickelt werden.<\/p>\n\n\n\n<p><strong>(Klein)Gruppen-Supervision<\/strong><\/p>\n\n\n\n<p>Es besteht au\u00dferdem die M\u00f6glichkeit der Gruppen-Supervision, wobei die Zahl der Teilnehmenden bei maximal 4 Personen liegt. Die Teilnehmenden k\u00f6nnen entweder in einer Institution t\u00e4tig sein oder in unterschiedlichen Praxen oder Institutionen. Der Schwerpunkt der Gruppen-Supervision liegt ebenfalls auf der Fall-Supervision.&nbsp;<\/p>\n\n\n\n<p><strong>Coaching<\/strong><\/p>\n\n\n\n<p>F\u00fcr Fragestellungen aus dem beruflichen Bereich biete ich au\u00dferdem Coaching an.<\/p>\n\n\n\n<p>Ein Coaching eignet sich u.a. zur Reflexion des eigenen Handelns im beruflichen Kontext, zur Bew\u00e4ltigung beruflicher Krisen- und Konfliktsituationen, zur Erweiterung der eigenen (Handlungs-)M\u00f6glichkeiten und der Perspektiverweiterung, durch eine externe Sichtweise.<\/p>\n\n\n\n<p>Ein Coaching umfasst 3 bis 5 Termine von jeweils 90 Minuten.<\/p>\n","protected":false},"excerpt":{"rendered":"<p>Tiefenpsychologisch fundierte Psychotherapie Es bestehen unterschiedliche M\u00f6glichkeiten, sich bei mir in psychotherapeutische Behandlung zu begeben. Zum einen \u00fcber die gesetzliche Krankenversicherung (GKV), die die Kosten f\u00fcr die Behandlung \u00fcbernimmt, oder als Versicherte\/r einer privaten Krankenversicherung (PKV) oder als Selbstzahler\/in.&nbsp; Soll die Behandlung \u00fcber die&nbsp;GKV&nbsp;abgerechnet werden, ist die Teilnahme an mindestens einer&nbsp;Psychotherapeutischen Sprechstunde&nbsp;seit dem 01.04.2018 f\u00fcr [&hellip;]<\/p>\n","protected":false},"author":1,"featured_media":0,"parent":0,"menu_order":0,"comment_status":"closed","ping_status":"closed","template":"","meta":{"footnotes":""},"_links":{"self":[{"href":"https:\/\/petra-behrens.de\/index.php?rest_route=\/wp\/v2\/pages\/20"}],"collection":[{"href":"https:\/\/petra-behrens.de\/index.php?rest_route=\/wp\/v2\/pages"}],"about":[{"href":"https:\/\/petra-behrens.de\/index.php?rest_route=\/wp\/v2\/types\/page"}],"author":[{"embeddable":true,"href":"https:\/\/petra-behrens.de\/index.php?rest_route=\/wp\/v2\/users\/1"}],"replies":[{"embeddable":true,"href":"https:\/\/petra-behrens.de\/index.php?rest_route=%2Fwp%2Fv2%2Fcomments&post=20"}],"version-history":[{"count":1,"href":"https:\/\/petra-behrens.de\/index.php?rest_route=\/wp\/v2\/pages\/20\/revisions"}],"predecessor-version":[{"id":21,"href":"https:\/\/petra-behrens.de\/index.php?rest_route=\/wp\/v2\/pages\/20\/revisions\/21"}],"wp:attachment":[{"href":"https:\/\/petra-behrens.de\/index.php?rest_route=%2Fwp%2Fv2%2Fmedia&parent=20"}],"curies":[{"name":"wp","href":"https:\/\/api.w.org\/{rel}","templated":true}]}}

<p><strong>Tiefenpsychologisch fundierte Psychotherapie</strong></p>



<p>Es bestehen unterschiedliche Möglichkeiten, sich bei mir in psychotherapeutische Behandlung zu begeben. Zum einen über die gesetzliche Krankenversicherung (GKV), die die Kosten für die Behandlung übernimmt, oder als Versicherte/r einer privaten Krankenversicherung (PKV) oder als Selbstzahler/in.&nbsp;</p>



<p>Soll die Behandlung über die&nbsp;<strong>GKV</strong>&nbsp;abgerechnet werden, ist die Teilnahme an mindestens einer&nbsp;<strong>Psychotherapeutischen Sprechstunde</strong>&nbsp;seit dem 01.04.2018 für gesetzlich Versicherte verpflichtend.</p>



<p>Hierbei handelt es sich um eine erste Abklärung, ob überhaupt eine krankheitswertige psychische Erkrankung vorliegt, ob eine psychotherapeutische Behandlung notwendig ist oder ob weitere spezifische Hilfen im System der GKV oder außerhalb davon notwendig sind.&nbsp;</p>



<p>Die psychotherapeutische Sprechstunde erfolgt mit Terminvergabe. In meinen telefonischen Sprechzeiten kann ein Termin vereinbart werden.</p>



<p>Sollte sich herausstellen, dass eine tiefenpsychologisch fundierte Psychotherapie indiziert ist und ich über einen freien Therapieplatz verfüge, schließen sich Vorgespräche, die&nbsp;<strong>probatorischen Sitzungen</strong>, an. Nach deren Durchführung finden wir dann entweder einen geeigneten Termin oder zukünftige PatientInnen werden auf meine Warteliste aufgenommen.</p>



<p>Die Beantragung einer Psychotherapie kann als&nbsp;<strong>Kurzzeittherapie (KZT)</strong>, aufgeteilt in KZT1 und KZT2, beide umfassen jeweils 12 Sitzungen, oder als&nbsp;<strong>Langzeittherapie (LZT)</strong>, im ersten Bewilligungsschritt 60 Sitzungen, erfolgen. Für die Beantragung einer Psychotherapie ist vorab ein Konsiliarbericht notwendig. Dieses Formular muss von ihrem/r Arzt/Ärztin ausgefüllt werden und wird den Antragsunterlagen beigefügt.</p>



<p>Für eine LZT ist vorab außerdem ein „Bericht an den Gutachter“ notwendig. Die Psychotherapeutin verfasst diesen Bericht, der anonymisiert in einem verschlossenen Umschlag an die jeweilige Krankenversicherung geschickt wird, die diesen wiederum an eine/n Gutachter/in weiterleitet. Diese/r überprüft dann anhand des Berichts, ob eine Psychotherapie angemessen, aussichtsreich und wirtschaftlich erscheint. Das ist die Voraussetzung für eine Befürwortung.&nbsp;</p>



<p>Es besteht außerdem die Möglichkeit einer&nbsp;<strong>Akutbehandlung</strong>. Sie dient der Krisenintervention oder zur Erst-Stabilisierung und umfasst maximal 12 Sitzungen á 50 Minuten. Dieses Angebot besteht je nach Verfügbarkeit.&nbsp;&nbsp;</p>



<p>Wird die Behandlung über eine&nbsp;<strong>PKV</strong>&nbsp;abgerechnet, erfolgt diese analog der Vorgaben der GKV. Allerdings besteht zum einen (noch) keine Verpflichtung an einer psychotherapeutischen Sprechstunde teilzunehmen, zum anderen besteht für eine KZT die Berichtspflicht. Die Abrechnung erfolgt über die Gebührenordnung für Psychotherapeuten (GOP). Die Rechnung wird bei einer bewilligten Psychotherapie der PKV eingereicht.&nbsp;</p>



<p>Sollten Sie eine Psychotherapie selbst bezahlen wollen, können Sie, wenn ich über einen freien Platz verfüge, ebenfalls gern zu mir kommen. Dieses könnte von Vorteil für sie sein, falls Sie zu einem späteren Zeitpunkt eine Lebensversicherung, eine private Krankenversicherung oder eine BU-Versicherung abschließen möchten. Selbstzahler erhalten ebenfalls eine Rechnung, die sich an der GOP orientiert.</p>



<p><strong><br><br>Selbsterfahrung</strong></p>



<p>Dieses Angebot besteht für Fachkollegen/innen und Kollegen/innen aus anderen sozialen Berufsfeldern, aber auch für andere Interessierte. Abhängig vom jeweiligen Anliegen kommen Methoden unterschiedlicher Therapieschulen sowie Entspannungsverfahren und Imaginationsübungen zum Einsatz.</p>



<p>Als spezielles Angebot biete ich die Selbsterfahrung mit EMDR an.</p>



<p><strong>Supervision</strong></p>



<p>Für mein Supervisionsangebot besteht die Möglichkeit Fortbildungspunkte zu erhalten (Akkreditierung durch die PTK-Hamburg).</p>



<p><strong>Einzel-Supervision</strong></p>



<p>Die Einzel-Supervision richtet sich an Fachkollegen/innen und Kollegen/innen aus dem therapeutischen und sozialen Bereich, die Fall-Supervision suchen.&nbsp;</p>



<p>Es geht dabei um die Reflexion der eigenen Arbeit, um Unterstützung und Entlastung im beruflichen Umfeld. Die vorhandenen Ressourcen und Kompetenzen sollen im Rahmen der Supervision gefördert und weiterentwickelt werden.</p>



<p><strong>(Klein)Gruppen-Supervision</strong></p>



<p>Es besteht außerdem die Möglichkeit der Gruppen-Supervision, wobei die Zahl der Teilnehmenden bei maximal 4 Personen liegt. Die Teilnehmenden können entweder in einer Institution tätig sein oder in unterschiedlichen Praxen oder Institutionen. Der Schwerpunkt der Gruppen-Supervision liegt ebenfalls auf der Fall-Supervision.&nbsp;</p>



<p><strong>Coaching</strong></p>



<p>Für Fragestellungen aus dem beruflichen Bereich biete ich außerdem Coaching an.</p>



<p>Ein Coaching eignet sich u.a. zur Reflexion des eigenen Handelns im beruflichen Kontext, zur Bewältigung beruflicher Krisen- und Konfliktsituationen, zur Erweiterung der eigenen (Handlungs-)Möglichkeiten und der Perspektiverweiterung, durch eine externe Sichtweise.</p>



<p>Ein Coaching umfasst 3 bis 5 Termine von jeweils 90 Minuten.</p>

<p>Tiefenpsychologisch fundierte Psychotherapie Es bestehen unterschiedliche Möglichkeiten, sich bei mir in psychotherapeutische Behandlung zu begeben. Zum einen über die gesetzliche Krankenversicherung (GKV), die die Kosten für die Behandlung übernimmt, oder als Versicherte/r einer privaten Krankenversicherung (PKV) oder als Selbstzahler/in.&nbsp; Soll die Behandlung über die&nbsp;GKV&nbsp;abgerechnet werden, ist die Teilnahme an mindestens einer&nbsp;Psychotherapeutischen Sprechstunde&nbsp;seit dem 01.04.2018 für [&hellip;]</p>
