{"id":35,"date":"2020-08-16T11:49:41","date_gmt":"2020-08-16T09:49:41","guid":{"rendered":"http:\/\/petra-behrens.de\/?page_id=35"},"modified":"2020-08-16T11:49:41","modified_gmt":"2020-08-16T09:49:41","slug":"impressum","status":"publish","type":"page","link":"https:\/\/petra-behrens.de\/?page_id=35","title":{"rendered":"Impressum"},"content":{"rendered":"\n<h3 class=\"wp-block-heading\"><strong>Angaben gem\u00e4\u00df \u00a7 5 TMG:<\/strong><\/h3>\n\n\n\n<p>Dipl.-Psych. Petra Behrens<br>Friedensallee 114<br>22763 Hamburg<br>Tel. 040\/35714417<br>&nbsp;<\/p>\n\n\n\n<h3 class=\"wp-block-heading\"><strong>Inhaltlich verantwortlich gem\u00e4\u00df \u00a7 10 Absatz 3 MDStV&nbsp;<\/strong><\/h3>\n\n\n\n<p>Dipl.-Psych. Petra Behrens<br>USt-Id.&nbsp;DE270594852<\/p>\n\n\n\n<h3 class=\"wp-block-heading\"><strong>Berufsbezeichnung<\/strong><\/h3>\n\n\n\n<p>Diplom-Psychologin und Psychologische Psychotherapeutin nach dem Psychotherapeutengesetz der BRD<br>&nbsp;<\/p>\n\n\n\n<h3 class=\"wp-block-heading\"><strong>Zust\u00e4ndige Aufsichtsbeh\u00f6rde<\/strong><\/h3>\n\n\n\n<p>Hamburgische Kammer der Psychologischen Psychotherapeutinnen und Psychotherapeuten und Kinder- und Jugendlichenpsychotherapeuten und -psychotherapeutinnen&nbsp;<br>&#8211; K\u00f6rperschaft des \u00f6ffentlichen Rechts &#8211;<br>Hallerstr. 61&nbsp;<br>20146 Hamburg&nbsp;<br>Tel.: 040 \/ 226 226-060&nbsp;<br>Fax : 040 \/ 226 226-089&nbsp;<br>E-Mail:&nbsp;<a href=\"mailto:info@ptk-hh.de\">info@ptk-hh.de<\/a><br><a href=\"http:\/\/43769.seu1.cleverreach.com\/c\/25799968\/a7bb4b1015c-p8rfxr\">www.ptk-hamburg.de<\/a><\/p>\n\n\n\n<h3 class=\"wp-block-heading\"><strong>Berufsrechtliche Regelungen<\/strong><\/h3>\n\n\n\n<p>Gesetz \u00fcber die Berufe des Psychologischen Psychotherapeuten und des Kinder- und Jugendlichenpsychotherapeuten (Psychotherapeutengesetz &#8211; PsychThG), Berufsordnung der Psychotherapeutenkammer&nbsp;<a href=\"http:\/\/43769.seu1.cleverreach.com\/c\/25799968\/a7bb4b1015c-p8rfxr\">www.ptk-hamburg.de<\/a><\/p>\n\n\n\n<h2 class=\"wp-block-heading\"><br><strong>Haftungsauschlu\u00df:<\/strong><\/h2>\n\n\n\n<h3 class=\"wp-block-heading\"><strong>Haftung f\u00fcr Inhalte<\/strong><\/h3>\n\n\n\n<p>Die Inhalte unserer Seiten wurden mit gr\u00f6\u00dfter Sorgfalt erstellt. F\u00fcr die Richtigkeit, Vollst\u00e4ndigkeit und Aktualit\u00e4t der Inhalte k\u00f6nnen wir jedoch keine Gew\u00e4hr \u00fcbernehmen. Als Diensteanbieter sind wir gem\u00e4\u00df \u00a7 7 Abs.1 TMG f\u00fcr eigene Inhalte auf diesen Seiten nach den allgemeinen Gesetzen verantwortlich. Nach \u00a7\u00a7 8 bis 10 TMG sind wir als Diensteanbieter jedoch nicht verpflichtet, \u00fcbermittelte oder gespeicherte fremde Informationen zu \u00fcberwachen oder nach Umst\u00e4nden zu forschen, die auf eine rechtswidrige T\u00e4tigkeit hinweisen. Verpflichtungen zur Entfernung oder Sperrung der Nutzung von Informationen nach den allgemeinen Gesetzen bleiben hiervon unber\u00fchrt. Eine diesbez\u00fcgliche Haftung ist jedoch erst ab dem Zeitpunkt der Kenntnis einer konkreten Rechtsverletzung m\u00f6glich. Bei Bekanntwerden von entsprechenden Rechtsverletzungen werden wir diese Inhalte umgehend entfernen.<\/p>\n\n\n\n<h3 class=\"wp-block-heading\">Haftung f\u00fcr Links<\/h3>\n\n\n\n<p>Unser Angebot enth\u00e4lt Links zu externen Webseiten Dritter, auf deren Inhalte wir keinen Einfluss haben. Deshalb k\u00f6nnen wir f\u00fcr diese fremden Inhalte auch keine Gew\u00e4hr \u00fcbernehmen. F\u00fcr die Inhalte der verlinkten Seiten ist stets der jeweilige Anbieter oder Betreiber der Seiten verantwortlich. Die verlinkten Seiten wurden zum Zeitpunkt der Verlinkung auf m\u00f6gliche Rechtsverst\u00f6\u00dfe \u00fcberpr\u00fcft. Rechtswidrige Inhalte waren zum Zeitpunkt der Verlinkung nicht erkennbar. Eine permanente inhaltliche Kontrolle der verlinkten Seiten ist jedoch ohne konkrete Anhaltspunkte einer Rechtsverletzung nicht zumutbar. Bei Bekanntwerden von Rechtsverletzungen werden wir derartige Links umgehend entfernen.<\/p>\n\n\n\n<h3 class=\"wp-block-heading\">Urheberrecht<\/h3>\n\n\n\n<p>Die durch die Seitenbetreiber erstellten Inhalte und Werke auf diesen Seiten unterliegen dem deutschen Urheberrecht. Die Vervielf\u00e4ltigung, Bearbeitung, Verbreitung und jede Art der Verwertung au\u00dferhalb der Grenzen des Urheberrechtes bed\u00fcrfen der schriftlichen Zustimmung des jeweiligen Autors bzw. Erstellers. Downloads und Kopien dieser Seite sind nur f\u00fcr den privaten, nicht kommerziellen Gebrauch gestattet. Soweit die Inhalte auf dieser Seite nicht vom Betreiber erstellt wurden, werden die Urheberrechte Dritter beachtet. Insbesondere werden Inhalte Dritter als solche gekennzeichnet. Sollten Sie trotzdem auf eine Urheberrechtsverletzung aufmerksam werden, bitten wir um einen entsprechenden Hinweis. Bei Bekanntwerden von Rechtsverletzungen werden wir derartige Inhalte umgehend entfernen.<\/p>\n\n\n\n<h3 class=\"wp-block-heading\">Datenschutz<\/h3>\n\n\n\n<p>Unsere Datenschutzbestimmungen finden Sie hier:&nbsp;<a href=\"https:\/\/paulbehrens.de\/petra\/index.php\/datenschutz\" target=\"_blank\" rel=\"noreferrer noopener\">Datenschutz<\/a><\/p>\n\n\n\n<p>Quellverweis:&nbsp;<a href=\"http:\/\/www.e-recht24.de\/muster-disclaimer.htm\" target=\"_blank\" rel=\"noreferrer noopener\">Disclaimer eRecht24<\/a><\/p>\n","protected":false},"excerpt":{"rendered":"<p>Angaben gem\u00e4\u00df \u00a7 5 TMG: Dipl.-Psych. Petra BehrensFriedensallee 11422763 HamburgTel. 040\/35714417&nbsp; Inhaltlich verantwortlich gem\u00e4\u00df \u00a7 10 Absatz 3 MDStV&nbsp; Dipl.-Psych. Petra BehrensUSt-Id.&nbsp;DE270594852 Berufsbezeichnung Diplom-Psychologin und Psychologische Psychotherapeutin nach dem Psychotherapeutengesetz der BRD&nbsp; Zust\u00e4ndige Aufsichtsbeh\u00f6rde Hamburgische Kammer der Psychologischen Psychotherapeutinnen und Psychotherapeuten und Kinder- und Jugendlichenpsychotherapeuten und -psychotherapeutinnen&nbsp;&#8211; K\u00f6rperschaft des \u00f6ffentlichen Rechts &#8211;Hallerstr. 61&nbsp;20146 Hamburg&nbsp;Tel.: 040 [&hellip;]<\/p>\n","protected":false},"author":1,"featured_media":0,"parent":0,"menu_order":0,"comment_status":"closed","ping_status":"closed","template":"","meta":{"footnotes":""},"_links":{"self":[{"href":"https:\/\/petra-behrens.de\/index.php?rest_route=\/wp\/v2\/pages\/35"}],"collection":[{"href":"https:\/\/petra-behrens.de\/index.php?rest_route=\/wp\/v2\/pages"}],"about":[{"href":"https:\/\/petra-behrens.de\/index.php?rest_route=\/wp\/v2\/types\/page"}],"author":[{"embeddable":true,"href":"https:\/\/petra-behrens.de\/index.php?rest_route=\/wp\/v2\/users\/1"}],"replies":[{"embeddable":true,"href":"https:\/\/petra-behrens.de\/index.php?rest_route=%2Fwp%2Fv2%2Fcomments&post=35"}],"version-history":[{"count":1,"href":"https:\/\/petra-behrens.de\/index.php?rest_route=\/wp\/v2\/pages\/35\/revisions"}],"predecessor-version":[{"id":36,"href":"https:\/\/petra-behrens.de\/index.php?rest_route=\/wp\/v2\/pages\/35\/revisions\/36"}],"wp:attachment":[{"href":"https:\/\/petra-behrens.de\/index.php?rest_route=%2Fwp%2Fv2%2Fmedia&parent=35"}],"curies":[{"name":"wp","href":"https:\/\/api.w.org\/{rel}","templated":true}]}}

<h3 class="wp-block-heading"><strong>Angaben gemäß § 5 TMG:</strong></h3>



<p>Dipl.-Psych. Petra Behrens<br>Friedensallee 114<br>22763 Hamburg<br>Tel. 040/35714417<br>&nbsp;</p>



<h3 class="wp-block-heading"><strong>Inhaltlich verantwortlich gemäß § 10 Absatz 3 MDStV&nbsp;</strong></h3>



<p>Dipl.-Psych. Petra Behrens<br>USt-Id.&nbsp;DE270594852</p>



<h3 class="wp-block-heading"><strong>Berufsbezeichnung</strong></h3>



<p>Diplom-Psychologin und Psychologische Psychotherapeutin nach dem Psychotherapeutengesetz der BRD<br>&nbsp;</p>



<h3 class="wp-block-heading"><strong>Zuständige Aufsichtsbehörde</strong></h3>



<p>Hamburgische Kammer der Psychologischen Psychotherapeutinnen und Psychotherapeuten und Kinder- und Jugendlichenpsychotherapeuten und -psychotherapeutinnen&nbsp;<br>&#8211; Körperschaft des öffentlichen Rechts &#8211;<br>Hallerstr. 61&nbsp;<br>20146 Hamburg&nbsp;<br>Tel.: 040 / 226 226-060&nbsp;<br>Fax : 040 / 226 226-089&nbsp;<br>E-Mail:&nbsp;<a href="mailto:info@ptk-hh.de">info@ptk-hh.de</a><br><a href="http://43769.seu1.cleverreach.com/c/25799968/a7bb4b1015c-p8rfxr">www.ptk-hamburg.de</a></p>



<h3 class="wp-block-heading"><strong>Berufsrechtliche Regelungen</strong></h3>



<p>Gesetz über die Berufe des Psychologischen Psychotherapeuten und des Kinder- und Jugendlichenpsychotherapeuten (Psychotherapeutengesetz &#8211; PsychThG), Berufsordnung der Psychotherapeutenkammer&nbsp;<a href="http://43769.seu1.cleverreach.com/c/25799968/a7bb4b1015c-p8rfxr">www.ptk-hamburg.de</a></p>



<h2 class="wp-block-heading"><br><strong>Haftungsauschluß:</strong></h2>



<h3 class="wp-block-heading"><strong>Haftung für Inhalte</strong></h3>



<p>Die Inhalte unserer Seiten wurden mit größter Sorgfalt erstellt. Für die Richtigkeit, Vollständigkeit und Aktualität der Inhalte können wir jedoch keine Gewähr übernehmen. Als Diensteanbieter sind wir gemäß § 7 Abs.1 TMG für eigene Inhalte auf diesen Seiten nach den allgemeinen Gesetzen verantwortlich. Nach §§ 8 bis 10 TMG sind wir als Diensteanbieter jedoch nicht verpflichtet, übermittelte oder gespeicherte fremde Informationen zu überwachen oder nach Umständen zu forschen, die auf eine rechtswidrige Tätigkeit hinweisen. Verpflichtungen zur Entfernung oder Sperrung der Nutzung von Informationen nach den allgemeinen Gesetzen bleiben hiervon unberührt. Eine diesbezügliche Haftung ist jedoch erst ab dem Zeitpunkt der Kenntnis einer konkreten Rechtsverletzung möglich. Bei Bekanntwerden von entsprechenden Rechtsverletzungen werden wir diese Inhalte umgehend entfernen.</p>



<h3 class="wp-block-heading">Haftung für Links</h3>



<p>Unser Angebot enthält Links zu externen Webseiten Dritter, auf deren Inhalte wir keinen Einfluss haben. Deshalb können wir für diese fremden Inhalte auch keine Gewähr übernehmen. Für die Inhalte der verlinkten Seiten ist stets der jeweilige Anbieter oder Betreiber der Seiten verantwortlich. Die verlinkten Seiten wurden zum Zeitpunkt der Verlinkung auf mögliche Rechtsverstöße überprüft. Rechtswidrige Inhalte waren zum Zeitpunkt der Verlinkung nicht erkennbar. Eine permanente inhaltliche Kontrolle der verlinkten Seiten ist jedoch ohne konkrete Anhaltspunkte einer Rechtsverletzung nicht zumutbar. Bei Bekanntwerden von Rechtsverletzungen werden wir derartige Links umgehend entfernen.</p>



<h3 class="wp-block-heading">Urheberrecht</h3>



<p>Die durch die Seitenbetreiber erstellten Inhalte und Werke auf diesen Seiten unterliegen dem deutschen Urheberrecht. Die Vervielfältigung, Bearbeitung, Verbreitung und jede Art der Verwertung außerhalb der Grenzen des Urheberrechtes bedürfen der schriftlichen Zustimmung des jeweiligen Autors bzw. Erstellers. Downloads und Kopien dieser Seite sind nur für den privaten, nicht kommerziellen Gebrauch gestattet. Soweit die Inhalte auf dieser Seite nicht vom Betreiber erstellt wurden, werden die Urheberrechte Dritter beachtet. Insbesondere werden Inhalte Dritter als solche gekennzeichnet. Sollten Sie trotzdem auf eine Urheberrechtsverletzung aufmerksam werden, bitten wir um einen entsprechenden Hinweis. Bei Bekanntwerden von Rechtsverletzungen werden wir derartige Inhalte umgehend entfernen.</p>



<h3 class="wp-block-heading">Datenschutz</h3>



<p>Unsere Datenschutzbestimmungen finden Sie hier:&nbsp;<a href="https://paulbehrens.de/petra/index.php/datenschutz" target="_blank" rel="noreferrer noopener">Datenschutz</a></p>



<p>Quellverweis:&nbsp;<a href="http://www.e-recht24.de/muster-disclaimer.htm" target="_blank" rel="noreferrer noopener">Disclaimer eRecht24</a></p>

<p>Angaben gemäß § 5 TMG: Dipl.-Psych. Petra BehrensFriedensallee 11422763 HamburgTel. 040/35714417&nbsp; Inhaltlich verantwortlich gemäß § 10 Absatz 3 MDStV&nbsp; Dipl.-Psych. Petra BehrensUSt-Id.&nbsp;DE270594852 Berufsbezeichnung Diplom-Psychologin und Psychologische Psychotherapeutin nach dem Psychotherapeutengesetz der BRD&nbsp; Zuständige Aufsichtsbehörde Hamburgische Kammer der Psychologischen Psychotherapeutinnen und Psychotherapeuten und Kinder- und Jugendlichenpsychotherapeuten und -psychotherapeutinnen&nbsp;&#8211; Körperschaft des öffentlichen Rechts &#8211;Hallerstr. 61&nbsp;20146 Hamburg&nbsp;Tel.: 040 [&hellip;]</p>
